{"id":58,"date":"2013-09-03T14:51:32","date_gmt":"2013-09-03T13:51:32","guid":{"rendered":"http:\/\/designgraphique.monsieurgentil.fr\/?page_id=58"},"modified":"2022-06-10T09:44:55","modified_gmt":"2022-06-10T08:44:55","slug":"qui-est-monsieurgentil-fr","status":"publish","type":"page","link":"https:\/\/designgraphique.monsieurgentil.fr\/?page_id=58","title":{"rendered":"Qui est monsieurgentil.fr ?"},"content":{"rendered":"<h1>Un collectif de design graphique<\/h1>\n<h3>ou un truc dans le genre<\/h3>\n<p>C&rsquo;est \u00e7a ! \u00ab\u00a0monsieurgentil.fr est un collectif de design graphique \u00e0 g\u00e9om\u00e9trie variable\u00a0\u00bb.<br \/>\nAu d\u00e9part, Fran\u00e7ois Gentil, designer graphique, photographe et plasticien, dipl\u00f4m\u00e9 des Beaux Arts de Lyon, quelques ann\u00e9es de PAO en studios d&rsquo;ex\u00e9, de graphisme pour des services communications et designer freelance depuis plus de 15 ans&#8230;<br \/>\nEt ensuite, en fonction des projets, Pascale Sentenac, Sophie Garofalo, J\u00e9r\u00f4me Tron ou Pauline Chaffard pour le design graphique, Vincent Moncorg\u00e9 ou Fran\u00e7ois Boisjoly comme photographes, Chantal Lambert et Yvan Schneiderlin \u00e0 la r\u00e9daction&#8230; sans oublier Arnaud Decherf et Thomas Martin pour tout ce qui est ing\u00e9nierie informatique.<\/p>\n<p>Un collectif cr\u00e9\u00e9 \u00e0 Villeurbanne mais depuis 2017 install\u00e9 \u00e0 la Croix Rousse et qui travaille sur la r\u00e9gion lyonnaise mais aussi, au gr\u00e8s des appels d&rsquo;offre, sur Paris, Grenoble, Cr\u00e9teil, la Savoie et la Haute Savoie&#8230;<\/p>\n<p>Nous contacter : <a href=\"mailto:monsieurgentil.fr@free.fr\">monsieurgentil.fr@free.fr <\/a><br \/>\nou 04 72 00 04 35.<\/p>\n","protected":false},"excerpt":{"rendered":"<p>Un collectif de design graphique ou un truc dans le genre C&rsquo;est \u00e7a ! \u00ab\u00a0monsieurgentil.fr est un collectif de design graphique \u00e0 g\u00e9om\u00e9trie variable\u00a0\u00bb. Au d\u00e9part, Fran\u00e7ois Gentil, designer graphique, photographe et plasticien, dipl\u00f4m\u00e9 des Beaux Arts de Lyon, quelques ann\u00e9es de PAO en studios d&rsquo;ex\u00e9, de graphisme pour des services communications et designer freelance [&hellip;]<\/p>\n","protected":false},"author":1,"featured_media":0,"parent":0,"menu_order":0,"comment_status":"closed","ping_status":"open","template":"","meta":{"jetpack_post_was_ever_published":false,"footnotes":""},"class_list":["post-58","page","type-page","status-publish","hentry"],"yoast_head":"<!-- This site is optimized with the Yoast SEO plugin v25.2 - https:\/\/yoast.com\/wordpress\/plugins\/seo\/ -->\n<title>Qui est monsieurgentil.fr ? - Monsieur Gentil Design graphique<\/title>\n<meta name=\"robots\" content=\"index, follow, max-snippet:-1, max-image-preview:large, max-video-preview:-1\" \/>\n<link rel=\"canonical\" href=\"https:\/\/designgraphique.monsieurgentil.fr\/?page_id=58\" \/>\n<meta property=\"og:locale\" content=\"fr_FR\" \/>\n<meta property=\"og:type\" content=\"article\" \/>\n<meta property=\"og:title\" content=\"Qui est monsieurgentil.fr ? - Monsieur Gentil Design graphique\" \/>\n<meta property=\"og:description\" content=\"Un collectif de design graphique ou un truc dans le genre C&rsquo;est \u00e7a ! \u00ab\u00a0monsieurgentil.fr est un collectif de design graphique \u00e0 g\u00e9om\u00e9trie variable\u00a0\u00bb. Au d\u00e9part, Fran\u00e7ois Gentil, designer graphique, photographe et plasticien, dipl\u00f4m\u00e9 des Beaux Arts de Lyon, quelques ann\u00e9es de PAO en studios d&rsquo;ex\u00e9, de graphisme pour des services communications et designer freelance [&hellip;]\" \/>\n<meta property=\"og:url\" content=\"https:\/\/designgraphique.monsieurgentil.fr\/?page_id=58\" \/>\n<meta property=\"og:site_name\" content=\"Monsieur Gentil Design graphique\" \/>\n<meta property=\"article:modified_time\" content=\"2022-06-10T08:44:55+00:00\" \/>\n<meta name=\"twitter:card\" content=\"summary_large_image\" \/>\n<meta name=\"twitter:label1\" content=\"Dur\u00e9e de lecture estim\u00e9e\" \/>\n\t<meta name=\"twitter:data1\" content=\"1 minute\" \/>\n<script type=\"application\/ld+json\" class=\"yoast-schema-graph\">{\"@context\":\"https:\/\/schema.org\",\"@graph\":[{\"@type\":\"WebPage\",\"@id\":\"https:\/\/designgraphique.monsieurgentil.fr\/?page_id=58\",\"url\":\"https:\/\/designgraphique.monsieurgentil.fr\/?page_id=58\",\"name\":\"Qui est monsieurgentil.fr ? - Monsieur Gentil Design graphique\",\"isPartOf\":{\"@id\":\"https:\/\/designgraphique.monsieurgentil.fr\/#website\"},\"datePublished\":\"2013-09-03T13:51:32+00:00\",\"dateModified\":\"2022-06-10T08:44:55+00:00\",\"breadcrumb\":{\"@id\":\"https:\/\/designgraphique.monsieurgentil.fr\/?page_id=58#breadcrumb\"},\"inLanguage\":\"fr-FR\",\"potentialAction\":[{\"@type\":\"ReadAction\",\"target\":[\"https:\/\/designgraphique.monsieurgentil.fr\/?page_id=58\"]}]},{\"@type\":\"BreadcrumbList\",\"@id\":\"https:\/\/designgraphique.monsieurgentil.fr\/?page_id=58#breadcrumb\",\"itemListElement\":[{\"@type\":\"ListItem\",\"position\":1,\"name\":\"Accueil\",\"item\":\"https:\/\/designgraphique.monsieurgentil.fr\/\"},{\"@type\":\"ListItem\",\"position\":2,\"name\":\"Qui est monsieurgentil.fr ?\"}]},{\"@type\":\"WebSite\",\"@id\":\"https:\/\/designgraphique.monsieurgentil.fr\/#website\",\"url\":\"https:\/\/designgraphique.monsieurgentil.fr\/\",\"name\":\"Monsieur Gentil Design graphique\",\"description\":\"Collectif de graphiste lyonnais autour de Fran\u00e7ois Gentil (web design, print, cr\u00e9ation graphique et direction artisitque)\",\"publisher\":{\"@id\":\"https:\/\/designgraphique.monsieurgentil.fr\/#organization\"},\"potentialAction\":[{\"@type\":\"SearchAction\",\"target\":{\"@type\":\"EntryPoint\",\"urlTemplate\":\"https:\/\/designgraphique.monsieurgentil.fr\/?s={search_term_string}\"},\"query-input\":{\"@type\":\"PropertyValueSpecification\",\"valueRequired\":true,\"valueName\":\"search_term_string\"}}],\"inLanguage\":\"fr-FR\"},{\"@type\":\"Organization\",\"@id\":\"https:\/\/designgraphique.monsieurgentil.fr\/#organization\",\"name\":\"Monsieur Gentil Design graphique\",\"url\":\"https:\/\/designgraphique.monsieurgentil.fr\/\",\"logo\":{\"@type\":\"ImageObject\",\"inLanguage\":\"fr-FR\",\"@id\":\"https:\/\/designgraphique.monsieurgentil.fr\/#\/schema\/logo\/image\/\",\"url\":\"https:\/\/designgraphique.monsieurgentil.fr\/wp-content\/uploads\/2013\/09\/logo-monsieurgentil.png\",\"contentUrl\":\"https:\/\/designgraphique.monsieurgentil.fr\/wp-content\/uploads\/2013\/09\/logo-monsieurgentil.png\",\"width\":180,\"height\":180,\"caption\":\"Monsieur Gentil Design graphique\"},\"image\":{\"@id\":\"https:\/\/designgraphique.monsieurgentil.fr\/#\/schema\/logo\/image\/\"}}]}<\/script>\n<!-- \/ Yoast SEO plugin. -->","yoast_head_json":{"title":"Qui est monsieurgentil.fr ? - Monsieur Gentil Design graphique","robots":{"index":"index","follow":"follow","max-snippet":"max-snippet:-1","max-image-preview":"max-image-preview:large","max-video-preview":"max-video-preview:-1"},"canonical":"https:\/\/designgraphique.monsieurgentil.fr\/?page_id=58","og_locale":"fr_FR","og_type":"article","og_title":"Qui est monsieurgentil.fr ? - Monsieur Gentil Design graphique","og_description":"Un collectif de design graphique ou un truc dans le genre C&rsquo;est \u00e7a ! \u00ab\u00a0monsieurgentil.fr est un collectif de design graphique \u00e0 g\u00e9om\u00e9trie variable\u00a0\u00bb. Au d\u00e9part, Fran\u00e7ois Gentil, designer graphique, photographe et plasticien, dipl\u00f4m\u00e9 des Beaux Arts de Lyon, quelques ann\u00e9es de PAO en studios d&rsquo;ex\u00e9, de graphisme pour des services communications et designer freelance [&hellip;]","og_url":"https:\/\/designgraphique.monsieurgentil.fr\/?page_id=58","og_site_name":"Monsieur Gentil Design graphique","article_modified_time":"2022-06-10T08:44:55+00:00","twitter_card":"summary_large_image","twitter_misc":{"Dur\u00e9e de lecture estim\u00e9e":"1 minute"},"schema":{"@context":"https:\/\/schema.org","@graph":[{"@type":"WebPage","@id":"https:\/\/designgraphique.monsieurgentil.fr\/?page_id=58","url":"https:\/\/designgraphique.monsieurgentil.fr\/?page_id=58","name":"Qui est monsieurgentil.fr ? - Monsieur Gentil Design graphique","isPartOf":{"@id":"https:\/\/designgraphique.monsieurgentil.fr\/#website"},"datePublished":"2013-09-03T13:51:32+00:00","dateModified":"2022-06-10T08:44:55+00:00","breadcrumb":{"@id":"https:\/\/designgraphique.monsieurgentil.fr\/?page_id=58#breadcrumb"},"inLanguage":"fr-FR","potentialAction":[{"@type":"ReadAction","target":["https:\/\/designgraphique.monsieurgentil.fr\/?page_id=58"]}]},{"@type":"BreadcrumbList","@id":"https:\/\/designgraphique.monsieurgentil.fr\/?page_id=58#breadcrumb","itemListElement":[{"@type":"ListItem","position":1,"name":"Accueil","item":"https:\/\/designgraphique.monsieurgentil.fr\/"},{"@type":"ListItem","position":2,"name":"Qui est monsieurgentil.fr ?"}]},{"@type":"WebSite","@id":"https:\/\/designgraphique.monsieurgentil.fr\/#website","url":"https:\/\/designgraphique.monsieurgentil.fr\/","name":"Monsieur Gentil Design graphique","description":"Collectif de graphiste lyonnais autour de Fran\u00e7ois Gentil (web design, print, cr\u00e9ation graphique et direction artisitque)","publisher":{"@id":"https:\/\/designgraphique.monsieurgentil.fr\/#organization"},"potentialAction":[{"@type":"SearchAction","target":{"@type":"EntryPoint","urlTemplate":"https:\/\/designgraphique.monsieurgentil.fr\/?s={search_term_string}"},"query-input":{"@type":"PropertyValueSpecification","valueRequired":true,"valueName":"search_term_string"}}],"inLanguage":"fr-FR"},{"@type":"Organization","@id":"https:\/\/designgraphique.monsieurgentil.fr\/#organization","name":"Monsieur Gentil Design graphique","url":"https:\/\/designgraphique.monsieurgentil.fr\/","logo":{"@type":"ImageObject","inLanguage":"fr-FR","@id":"https:\/\/designgraphique.monsieurgentil.fr\/#\/schema\/logo\/image\/","url":"https:\/\/designgraphique.monsieurgentil.fr\/wp-content\/uploads\/2013\/09\/logo-monsieurgentil.png","contentUrl":"https:\/\/designgraphique.monsieurgentil.fr\/wp-content\/uploads\/2013\/09\/logo-monsieurgentil.png","width":180,"height":180,"caption":"Monsieur Gentil Design graphique"},"image":{"@id":"https:\/\/designgraphique.monsieurgentil.fr\/#\/schema\/logo\/image\/"}}]}},"jetpack_sharing_enabled":true,"jetpack_shortlink":"https:\/\/wp.me\/P79rPH-W","_links":{"self":[{"href":"https:\/\/designgraphique.monsieurgentil.fr\/index.php?rest_route=\/wp\/v2\/pages\/58","targetHints":{"allow":["GET"]}}],"collection":[{"href":"https:\/\/designgraphique.monsieurgentil.fr\/index.php?rest_route=\/wp\/v2\/pages"}],"about":[{"href":"https:\/\/designgraphique.monsieurgentil.fr\/index.php?rest_route=\/wp\/v2\/types\/page"}],"author":[{"embeddable":true,"href":"https:\/\/designgraphique.monsieurgentil.fr\/index.php?rest_route=\/wp\/v2\/users\/1"}],"replies":[{"embeddable":true,"href":"https:\/\/designgraphique.monsieurgentil.fr\/index.php?rest_route=%2Fwp%2Fv2%2Fcomments&post=58"}],"version-history":[{"count":22,"href":"https:\/\/designgraphique.monsieurgentil.fr\/index.php?rest_route=\/wp\/v2\/pages\/58\/revisions"}],"predecessor-version":[{"id":2783,"href":"https:\/\/designgraphique.monsieurgentil.fr\/index.php?rest_route=\/wp\/v2\/pages\/58\/revisions\/2783"}],"wp:attachment":[{"href":"https:\/\/designgraphique.monsieurgentil.fr\/index.php?rest_route=%2Fwp%2Fv2%2Fmedia&parent=58"}],"curies":[{"name":"wp","href":"https:\/\/api.w.org\/{rel}","templated":true}]}}