{"id":86,"date":"2013-09-04T15:48:59","date_gmt":"2013-09-04T14:48:59","guid":{"rendered":"http:\/\/designgraphique.monsieurgentil.fr\/?page_id=86"},"modified":"2023-06-21T15:50:32","modified_gmt":"2023-06-21T14:50:32","slug":"contact","status":"publish","type":"page","link":"https:\/\/designgraphique.monsieurgentil.fr\/?page_id=86","title":{"rendered":"Contact"},"content":{"rendered":"<h3>Nous contacter<\/h3>\n<p><strong>Fran\u00e7ois Gentil<\/strong> <a href=\"mailto:monsieurgentil.fr@free.fr\">monsieurgentil.fr@free.fr<\/a><\/p>\n<h3>O\u00f9 nous trouver<\/h3>\n<p><strong>Atelier :<\/strong><br \/>\n6, mont\u00e9e Lieutenant Allouche<br \/>\n69001 Lyon<br \/>\nT. 04 72 00 04 35<br \/>\nNous travaillons sur Lyon, Villeurbanne et toutes les villes de la r\u00e9gion lyonnaise mais aussi la Savoie (quelques plaquettes pour l&rsquo;ONF Vanoise et la commune de Bozel) et bien entendu Paris et + loin encore si vous nous le demandez gentiment !<\/p>\n","protected":false},"excerpt":{"rendered":"<p>Nous contacter Fran\u00e7ois Gentil monsieurgentil.fr@free.fr O\u00f9 nous trouver Atelier : 6, mont\u00e9e Lieutenant Allouche 69001 Lyon T. 04 72 00 04 35 Nous travaillons sur Lyon, Villeurbanne et toutes les villes de la r\u00e9gion lyonnaise mais aussi la Savoie (quelques plaquettes pour l&rsquo;ONF Vanoise et la commune de Bozel) et bien entendu Paris et + [&hellip;]<\/p>\n","protected":false},"author":1,"featured_media":0,"parent":0,"menu_order":0,"comment_status":"closed","ping_status":"open","template":"","meta":{"jetpack_post_was_ever_published":false,"footnotes":""},"class_list":["post-86","page","type-page","status-publish","hentry"],"yoast_head":"<!-- This site is optimized with the Yoast SEO plugin v25.2 - https:\/\/yoast.com\/wordpress\/plugins\/seo\/ -->\n<title>Contact - Monsieur Gentil Design graphique<\/title>\n<meta name=\"robots\" content=\"index, follow, max-snippet:-1, max-image-preview:large, max-video-preview:-1\" \/>\n<link rel=\"canonical\" href=\"https:\/\/designgraphique.monsieurgentil.fr\/?page_id=86\" \/>\n<meta property=\"og:locale\" content=\"fr_FR\" \/>\n<meta property=\"og:type\" content=\"article\" \/>\n<meta property=\"og:title\" content=\"Contact - Monsieur Gentil Design graphique\" \/>\n<meta property=\"og:description\" content=\"Nous contacter Fran\u00e7ois Gentil monsieurgentil.fr@free.fr O\u00f9 nous trouver Atelier : 6, mont\u00e9e Lieutenant Allouche 69001 Lyon T. 04 72 00 04 35 Nous travaillons sur Lyon, Villeurbanne et toutes les villes de la r\u00e9gion lyonnaise mais aussi la Savoie (quelques plaquettes pour l&rsquo;ONF Vanoise et la commune de Bozel) et bien entendu Paris et + [&hellip;]\" \/>\n<meta property=\"og:url\" content=\"https:\/\/designgraphique.monsieurgentil.fr\/?page_id=86\" \/>\n<meta property=\"og:site_name\" content=\"Monsieur Gentil Design graphique\" \/>\n<meta property=\"article:modified_time\" content=\"2023-06-21T14:50:32+00:00\" \/>\n<meta name=\"twitter:card\" content=\"summary_large_image\" \/>\n<meta name=\"twitter:label1\" content=\"Dur\u00e9e de lecture estim\u00e9e\" \/>\n\t<meta name=\"twitter:data1\" content=\"1 minute\" \/>\n<script type=\"application\/ld+json\" class=\"yoast-schema-graph\">{\"@context\":\"https:\/\/schema.org\",\"@graph\":[{\"@type\":\"WebPage\",\"@id\":\"https:\/\/designgraphique.monsieurgentil.fr\/?page_id=86\",\"url\":\"https:\/\/designgraphique.monsieurgentil.fr\/?page_id=86\",\"name\":\"Contact - Monsieur Gentil Design graphique\",\"isPartOf\":{\"@id\":\"https:\/\/designgraphique.monsieurgentil.fr\/#website\"},\"datePublished\":\"2013-09-04T14:48:59+00:00\",\"dateModified\":\"2023-06-21T14:50:32+00:00\",\"breadcrumb\":{\"@id\":\"https:\/\/designgraphique.monsieurgentil.fr\/?page_id=86#breadcrumb\"},\"inLanguage\":\"fr-FR\",\"potentialAction\":[{\"@type\":\"ReadAction\",\"target\":[\"https:\/\/designgraphique.monsieurgentil.fr\/?page_id=86\"]}]},{\"@type\":\"BreadcrumbList\",\"@id\":\"https:\/\/designgraphique.monsieurgentil.fr\/?page_id=86#breadcrumb\",\"itemListElement\":[{\"@type\":\"ListItem\",\"position\":1,\"name\":\"Accueil\",\"item\":\"https:\/\/designgraphique.monsieurgentil.fr\/\"},{\"@type\":\"ListItem\",\"position\":2,\"name\":\"Contact\"}]},{\"@type\":\"WebSite\",\"@id\":\"https:\/\/designgraphique.monsieurgentil.fr\/#website\",\"url\":\"https:\/\/designgraphique.monsieurgentil.fr\/\",\"name\":\"Monsieur Gentil Design graphique\",\"description\":\"Collectif de graphiste lyonnais autour de Fran\u00e7ois Gentil (web design, print, cr\u00e9ation graphique et direction artisitque)\",\"publisher\":{\"@id\":\"https:\/\/designgraphique.monsieurgentil.fr\/#organization\"},\"potentialAction\":[{\"@type\":\"SearchAction\",\"target\":{\"@type\":\"EntryPoint\",\"urlTemplate\":\"https:\/\/designgraphique.monsieurgentil.fr\/?s={search_term_string}\"},\"query-input\":{\"@type\":\"PropertyValueSpecification\",\"valueRequired\":true,\"valueName\":\"search_term_string\"}}],\"inLanguage\":\"fr-FR\"},{\"@type\":\"Organization\",\"@id\":\"https:\/\/designgraphique.monsieurgentil.fr\/#organization\",\"name\":\"Monsieur Gentil Design graphique\",\"url\":\"https:\/\/designgraphique.monsieurgentil.fr\/\",\"logo\":{\"@type\":\"ImageObject\",\"inLanguage\":\"fr-FR\",\"@id\":\"https:\/\/designgraphique.monsieurgentil.fr\/#\/schema\/logo\/image\/\",\"url\":\"https:\/\/designgraphique.monsieurgentil.fr\/wp-content\/uploads\/2013\/09\/logo-monsieurgentil.png\",\"contentUrl\":\"https:\/\/designgraphique.monsieurgentil.fr\/wp-content\/uploads\/2013\/09\/logo-monsieurgentil.png\",\"width\":180,\"height\":180,\"caption\":\"Monsieur Gentil Design graphique\"},\"image\":{\"@id\":\"https:\/\/designgraphique.monsieurgentil.fr\/#\/schema\/logo\/image\/\"}}]}<\/script>\n<!-- \/ Yoast SEO plugin. -->","yoast_head_json":{"title":"Contact - Monsieur Gentil Design graphique","robots":{"index":"index","follow":"follow","max-snippet":"max-snippet:-1","max-image-preview":"max-image-preview:large","max-video-preview":"max-video-preview:-1"},"canonical":"https:\/\/designgraphique.monsieurgentil.fr\/?page_id=86","og_locale":"fr_FR","og_type":"article","og_title":"Contact - Monsieur Gentil Design graphique","og_description":"Nous contacter Fran\u00e7ois Gentil monsieurgentil.fr@free.fr O\u00f9 nous trouver Atelier : 6, mont\u00e9e Lieutenant Allouche 69001 Lyon T. 04 72 00 04 35 Nous travaillons sur Lyon, Villeurbanne et toutes les villes de la r\u00e9gion lyonnaise mais aussi la Savoie (quelques plaquettes pour l&rsquo;ONF Vanoise et la commune de Bozel) et bien entendu Paris et + [&hellip;]","og_url":"https:\/\/designgraphique.monsieurgentil.fr\/?page_id=86","og_site_name":"Monsieur Gentil Design graphique","article_modified_time":"2023-06-21T14:50:32+00:00","twitter_card":"summary_large_image","twitter_misc":{"Dur\u00e9e de lecture estim\u00e9e":"1 minute"},"schema":{"@context":"https:\/\/schema.org","@graph":[{"@type":"WebPage","@id":"https:\/\/designgraphique.monsieurgentil.fr\/?page_id=86","url":"https:\/\/designgraphique.monsieurgentil.fr\/?page_id=86","name":"Contact - Monsieur Gentil Design graphique","isPartOf":{"@id":"https:\/\/designgraphique.monsieurgentil.fr\/#website"},"datePublished":"2013-09-04T14:48:59+00:00","dateModified":"2023-06-21T14:50:32+00:00","breadcrumb":{"@id":"https:\/\/designgraphique.monsieurgentil.fr\/?page_id=86#breadcrumb"},"inLanguage":"fr-FR","potentialAction":[{"@type":"ReadAction","target":["https:\/\/designgraphique.monsieurgentil.fr\/?page_id=86"]}]},{"@type":"BreadcrumbList","@id":"https:\/\/designgraphique.monsieurgentil.fr\/?page_id=86#breadcrumb","itemListElement":[{"@type":"ListItem","position":1,"name":"Accueil","item":"https:\/\/designgraphique.monsieurgentil.fr\/"},{"@type":"ListItem","position":2,"name":"Contact"}]},{"@type":"WebSite","@id":"https:\/\/designgraphique.monsieurgentil.fr\/#website","url":"https:\/\/designgraphique.monsieurgentil.fr\/","name":"Monsieur Gentil Design graphique","description":"Collectif de graphiste lyonnais autour de Fran\u00e7ois Gentil (web design, print, cr\u00e9ation graphique et direction artisitque)","publisher":{"@id":"https:\/\/designgraphique.monsieurgentil.fr\/#organization"},"potentialAction":[{"@type":"SearchAction","target":{"@type":"EntryPoint","urlTemplate":"https:\/\/designgraphique.monsieurgentil.fr\/?s={search_term_string}"},"query-input":{"@type":"PropertyValueSpecification","valueRequired":true,"valueName":"search_term_string"}}],"inLanguage":"fr-FR"},{"@type":"Organization","@id":"https:\/\/designgraphique.monsieurgentil.fr\/#organization","name":"Monsieur Gentil Design graphique","url":"https:\/\/designgraphique.monsieurgentil.fr\/","logo":{"@type":"ImageObject","inLanguage":"fr-FR","@id":"https:\/\/designgraphique.monsieurgentil.fr\/#\/schema\/logo\/image\/","url":"https:\/\/designgraphique.monsieurgentil.fr\/wp-content\/uploads\/2013\/09\/logo-monsieurgentil.png","contentUrl":"https:\/\/designgraphique.monsieurgentil.fr\/wp-content\/uploads\/2013\/09\/logo-monsieurgentil.png","width":180,"height":180,"caption":"Monsieur Gentil Design graphique"},"image":{"@id":"https:\/\/designgraphique.monsieurgentil.fr\/#\/schema\/logo\/image\/"}}]}},"jetpack_sharing_enabled":true,"jetpack_shortlink":"https:\/\/wp.me\/P79rPH-1o","_links":{"self":[{"href":"https:\/\/designgraphique.monsieurgentil.fr\/index.php?rest_route=\/wp\/v2\/pages\/86","targetHints":{"allow":["GET"]}}],"collection":[{"href":"https:\/\/designgraphique.monsieurgentil.fr\/index.php?rest_route=\/wp\/v2\/pages"}],"about":[{"href":"https:\/\/designgraphique.monsieurgentil.fr\/index.php?rest_route=\/wp\/v2\/types\/page"}],"author":[{"embeddable":true,"href":"https:\/\/designgraphique.monsieurgentil.fr\/index.php?rest_route=\/wp\/v2\/users\/1"}],"replies":[{"embeddable":true,"href":"https:\/\/designgraphique.monsieurgentil.fr\/index.php?rest_route=%2Fwp%2Fv2%2Fcomments&post=86"}],"version-history":[{"count":14,"href":"https:\/\/designgraphique.monsieurgentil.fr\/index.php?rest_route=\/wp\/v2\/pages\/86\/revisions"}],"predecessor-version":[{"id":2875,"href":"https:\/\/designgraphique.monsieurgentil.fr\/index.php?rest_route=\/wp\/v2\/pages\/86\/revisions\/2875"}],"wp:attachment":[{"href":"https:\/\/designgraphique.monsieurgentil.fr\/index.php?rest_route=%2Fwp%2Fv2%2Fmedia&parent=86"}],"curies":[{"name":"wp","href":"https:\/\/api.w.org\/{rel}","templated":true}]}}